{"id":21,"date":"2022-07-11T10:38:49","date_gmt":"2022-07-11T10:38:49","guid":{"rendered":"https:\/\/geiste.lt\/?page_id=21"},"modified":"2024-03-25T13:07:31","modified_gmt":"2024-03-25T13:07:31","slug":"contact-us","status":"publish","type":"page","link":"https:\/\/geiste.lt\/?page_id=21","title":{"rendered":"Contact us"},"content":{"rendered":"\n<p class=\"has-medium-font-size\"><strong>Production and wholesale of frames<\/strong><\/p>\n\n\n\n<div class=\"wp-container-3 wp-block-columns\">\n<div class=\"wp-container-1 wp-block-column\" style=\"flex-basis:33.33%\">\n<p>FACTORY ADDRESS:<\/p>\n\n\n\n<p>\u0160alteiki\u0173 36, Glaud\u0117nai, Klaip\u0117dos raj., LT-92336, Lithuania<\/p>\n\n\n\n<p>E-MAIL:<\/p>\n\n\n\n<p>info@geiste.lt<\/p>\n\n\n\n<p>daiva@geiste.lt<\/p>\n<\/div>\n\n\n\n<div class=\"wp-container-2 wp-block-column\" style=\"flex-basis:66.66%\">\n<figure class=\"wp-block-image size-large is-style-zoooom\"><img loading=\"lazy\" width=\"1024\" height=\"687\" src=\"http:\/\/geiste.lt\/wp-content\/uploads\/2022\/07\/map1-1024x687.jpg\" alt=\"\" class=\"wp-image-66\" srcset=\"https:\/\/geiste.lt\/wp-content\/uploads\/2022\/07\/map1-1024x687.jpg 1024w, https:\/\/geiste.lt\/wp-content\/uploads\/2022\/07\/map1-300x201.jpg 300w, https:\/\/geiste.lt\/wp-content\/uploads\/2022\/07\/map1-768x515.jpg 768w, https:\/\/geiste.lt\/wp-content\/uploads\/2022\/07\/map1-380x254.jpg 380w, https:\/\/geiste.lt\/wp-content\/uploads\/2022\/07\/map1-285x190.jpg 285w, https:\/\/geiste.lt\/wp-content\/uploads\/2022\/07\/map1.jpg 1284w\" sizes=\"(max-width: 1024px) 100vw, 1024px\" \/><\/figure>\n<\/div>\n<\/div>\n\n\n\n<div class=\"wp-container-6 wp-block-columns\">\n<div class=\"wp-container-4 wp-block-column\" style=\"flex-basis:33.33%\">\n<p class=\"has-medium-font-size\"><strong>Framing workshop &#8220;R\u0117minimo centras&#8221;<\/strong><\/p>\n\n\n\n<p>ADDRESS:<\/p>\n\n\n\n<p>Minijos g. 135, Klaip\u0117da, Lithuania<\/p>\n\n\n\n<p>E-MAIL: parduotuve@geiste.lt<\/p>\n\n\n\n<p>PHONE: +370 614 71252<\/p>\n\n\n\n<p>Working hours:<br>I-V 09.00-19.00<br>VI 10.00-15.00<\/p>\n\n\n\n<p><a href=\"https:\/\/www.facebook.com\/R%C4%97minimo-Centras-Klaip%C4%97da-103436259055559\" target=\"_blank\" rel=\"noreferrer noopener\" title=\"Facebook \">Facebook <\/a><\/p>\n<\/div>\n\n\n\n<div class=\"wp-container-5 wp-block-column\" style=\"flex-basis:66.66%\">\n<figure class=\"wp-block-image size-large is-style-zoooom\"><img loading=\"lazy\" width=\"1024\" height=\"579\" src=\"https:\/\/geiste.lt\/wp-content\/uploads\/2022\/07\/minija-1024x579.jpg\" alt=\"\" class=\"wp-image-67\" srcset=\"https:\/\/geiste.lt\/wp-content\/uploads\/2022\/07\/minija-1024x579.jpg 1024w, https:\/\/geiste.lt\/wp-content\/uploads\/2022\/07\/minija-300x170.jpg 300w, https:\/\/geiste.lt\/wp-content\/uploads\/2022\/07\/minija-768x434.jpg 768w, https:\/\/geiste.lt\/wp-content\/uploads\/2022\/07\/minija.jpg 1472w\" sizes=\"(max-width: 1024px) 100vw, 1024px\" \/><\/figure>\n<\/div>\n<\/div>\n\n\n\n<p class=\"has-medium-font-size\"><strong>Main information about company<\/strong><\/p>\n\n\n\n<div class=\"wp-container-9 wp-block-columns\">\n<div class=\"wp-container-7 wp-block-column\">\n<p>COMPANY REGISTRATION ADDRESS:<\/p>\n\n\n\n<p>Minijos 135, LT-93206 Klaip\u0117da, Lithuania<br>Company ID: 163171791<br>VAT No: LT-631717917<br>Email: info@geiste.lt<\/p>\n<\/div>\n\n\n\n<div class=\"wp-container-8 wp-block-column\">\n<p>PAYMENT ACCOUNTS<br>LT62 7300 0100 0252 9476<\/p>\n\n\n\n<p>Bank name: Swedbank AB<br>SWIFT code: HABA LT 22<br>Bank code: 73000<\/p>\n\n\n\n<p><br>LT06 7180 5000 1246 7368<\/p>\n\n\n\n<p>Bank name: \u0160iauli\u0173 bankas AB<br>SWIFT code: CBSBLT26<br>Bank code: 71800<\/p>\n<\/div>\n<\/div>\n\n\n\n<p><\/p>\n","protected":false},"excerpt":{"rendered":"<p>Production and wholesale of frames FACTORY ADDRESS: \u0160alteiki\u0173 36, Glaud\u0117nai, Klaip\u0117dos raj., LT-92336, Lithuania E-MAIL: info@geiste.lt daiva@geiste.lt Framing workshop &#8220;R\u0117minimo centras&#8221; ADDRESS: Minijos g. 135, Klaip\u0117da, Lithuania E-MAIL: parduotuve@geiste.lt PHONE: +370 614 71252 Working hours:I-V 09.00-19.00VI 10.00-15.00 Facebook Main information about company COMPANY REGISTRATION ADDRESS: Minijos 135, LT-93206 Klaip\u0117da, LithuaniaCompany ID: 163171791VAT No: LT-631717917Email: info@geiste.lt&hellip;<\/p>\n<p class=\"more-link\"><a href=\"https:\/\/geiste.lt\/?page_id=21\" class=\"themebutton\">Read More<\/a><\/p>\n","protected":false},"author":1,"featured_media":0,"parent":0,"menu_order":0,"comment_status":"closed","ping_status":"closed","template":"","meta":{"om_disable_all_campaigns":false,"_monsterinsights_skip_tracking":false,"_monsterinsights_sitenote_active":false,"_monsterinsights_sitenote_note":"","_monsterinsights_sitenote_category":0},"_links":{"self":[{"href":"https:\/\/geiste.lt\/index.php?rest_route=\/wp\/v2\/pages\/21"}],"collection":[{"href":"https:\/\/geiste.lt\/index.php?rest_route=\/wp\/v2\/pages"}],"about":[{"href":"https:\/\/geiste.lt\/index.php?rest_route=\/wp\/v2\/types\/page"}],"author":[{"embeddable":true,"href":"https:\/\/geiste.lt\/index.php?rest_route=\/wp\/v2\/users\/1"}],"replies":[{"embeddable":true,"href":"https:\/\/geiste.lt\/index.php?rest_route=%2Fwp%2Fv2%2Fcomments&post=21"}],"version-history":[{"count":7,"href":"https:\/\/geiste.lt\/index.php?rest_route=\/wp\/v2\/pages\/21\/revisions"}],"predecessor-version":[{"id":169,"href":"https:\/\/geiste.lt\/index.php?rest_route=\/wp\/v2\/pages\/21\/revisions\/169"}],"wp:attachment":[{"href":"https:\/\/geiste.lt\/index.php?rest_route=%2Fwp%2Fv2%2Fmedia&parent=21"}],"curies":[{"name":"wp","href":"https:\/\/api.w.org\/{rel}","templated":true}]}}